{"id":6,"date":"2016-05-12T10:12:57","date_gmt":"2016-05-12T09:12:57","guid":{"rendered":"https:\/\/www.multiser86.fr\/?page_id=6"},"modified":"2022-04-20T16:07:17","modified_gmt":"2022-04-20T15:07:17","slug":"demenager","status":"publish","type":"page","link":"https:\/\/www.multiser86.fr\/","title":{"rendered":"D\u00e9m\u00e9nager"},"content":{"rendered":"<p>Eviter les situations les plus stressantes du d\u00e9m\u00e9nagement avec les formalit\u00e9s administratives y aff\u00e9rentes, que vous soyez un particulier, une entreprise, nous tenons \u00e0 vous fournir gratuitement et sans engagement, en ligne ou localement, une estimation du prix de votre d\u00e9m\u00e9nagement appartement, maison, ou bureaux.<\/p>\n<p>Il existe de nombreuses difficult\u00e9s li\u00e9es au d\u00e9m\u00e9nagement <a href=\"https:\/\/demenageur.com\/\">demenageur.com<\/a> . Le stress est la fatigue sont les manifestations pr\u00e9 et post-d\u00e9m\u00e9nagement. Pourtant, des entreprises de d\u00e9m\u00e9nagement se chargent actuellement \u00e0 parfaire la quasi-totalit\u00e9 de ce travail ardu. Plusieurs param\u00e8tres sont \u00e0 tenir compte avant le jour J du d\u00e9m\u00e9nagement proprement dit. Avant de pr\u00e9occuper aux cartons et aux v\u00e9hicules de transport, il faut penser aux commodit\u00e9s administratives et \u00e0 bien v\u00e9rifier l\u2019assurance. Ensuite, il est important d\u2019estimer le volume des mobiliers d\u00e8s le d\u00e9but de votre projet de d\u00e9m\u00e9nagement. Le c\u0153ur du d\u00e9m\u00e9nagement est surtout au plan et au co\u00fbt du d\u00e9m\u00e9nagement. On a recours \u00e0 des sp\u00e9cialistes pour faire une estimation du co\u00fbt. Les pr\u00e9paratifs du d\u00e9m\u00e9nagement sont non seulement compliqu\u00e9s mais aussi p\u00e9nibles. Des professionnels en la mati\u00e8re s\u2019engagent actuellement \u00e0 assurer son bon d\u00e9roulement.<\/p>\n<h2>Choisissez des d\u00e9m\u00e9nageurs qualifi\u00e9s et professionnels<\/h2>\n<p>Lorsque vous faites appels \u00e0 des sp\u00e9cialistes du d\u00e9m\u00e9nagement, il vous suffit juste de laisser votre adresse de d\u00e9part, de votre adresse de destination, de la date pr\u00e9vue du d\u00e9m\u00e9nagement et \u00e9ventuellement le volume de votre d\u00e9m\u00e9nagement. Les d\u00e9m\u00e9nageurs sont des gens de confiance comp\u00e9tents qui se chargent \u00e0 emballer, charger et transporter sans casse les mobiliers. Les professionnels de notre entreprise de d\u00e9m\u00e9nagement pourront \u00e9galement vous aider \u00e0 remplir astucieusement le camion de location et se chargeront, si vous le voulez, de conduire le v\u00e9hicule qui transportera vos affaires dans votre nouvelle r\u00e9sidence. Les d\u00e9m\u00e9nageurs s\u2019occupent de tout : ils transportent ; ils emballent, et d\u00e9ballent les objets fragiles. Par une simple demande, ils se pr\u00e9posent \u00e0 la pr\u00e9paration des carton\u00a0demenagement \u00a0\u00e0 l\u2019emballage de vos objets pr\u00e9cieux,\u2026 Ils vous assistent tout au long de votre projet : accompagnement pour les formalit\u00e9s administratives, la gestion des transports jusqu\u2019\u00e0 l\u2019acheminement de toutes vos affaires. Des entreprises d\u00e9m\u00e9nageurs \u00a0vous proposent des formules adapt\u00e9es \u00e0 vos besoins et votre budget. La famille voulant d\u00e9m\u00e9nager se fournit juste \u00e0 pr\u00e9venir ses voisins de la date pour leur \u00e9viter des mauvaises surprises. Le d\u00e9m\u00e9nagement d\u2019une entreprise est plut\u00f4t complexe. Pour le bon d\u00e9roulement de votre transfert, de nombreux param\u00e8tres sont \u00e0 prendre en compte et de nombreuses t\u00e2ches doivent \u00eatre accomplies avant le jour du d\u00e9m\u00e9nagement. Le d\u00e9m\u00e9nageur, en dehors des gestions des papiers administratifs et l\u2019annonce aux employ\u00e9s, l\u2019\u00e9laboration d\u2019un devis personnalis\u00e9, donne de pr\u00e9cieux conseils d\u2019organisation pour la r\u00e9ussite du d\u00e9m\u00e9nagement d\u2019une entreprise.<\/p>\n<h2>Adoptez des accessoires d\u00e9m\u00e9nagements pratiques et efficaces<\/h2>\n<p>Le bon choix des accessoires de d\u00e9m\u00e9nagement garantit le transfert. Notre accessoire et fournitures d\u2019une qualit\u00e9 garantie sont complets : les petits cartons, lot grand carton le kit fermeture, les rouleaux adh\u00e9sifs\u2026 avec un stock permanent, un paiement s\u00e9curis\u00e9 et une livraison assur\u00e9e et rapide. Nous sommes sp\u00e9cialiste de l&#8217;emballage, nous vous offrons des produits de qualit\u00e9 aux meilleurs prix. Des cartons aux choix permettent d\u2019identifier les contenus, de rep\u00e9rer les pi\u00e8ces, et de reconnaitre les objets lourds ou fragiles. Des cartons penderies facilitent les transports des v\u00eatements. Vous trouverez \u00e9galement la caisse carton, le carton, le carton emballage et des fournitures d\u00e9m\u00e9nagements. Les petits cartons sont id\u00e9als pour emballer les livres, les magazines ainsi que les archives. Sa petite taille lui permet de rester maniable facilement. Avec nos mat\u00e9riels bien adapt\u00e9s \u00e0 vos accessoires, vous pouvez empiler vos cartons sans risque d&rsquo;\u00e9clatement. Concernant les lots grands cartons, ils se servent \u00e0 emballer les appareils \u00e9lectrom\u00e9nagers. La liste des cat\u00e9gories d\u2019objets qui sont imprim\u00e9es sur les cartons sp\u00e9cialement pr\u00e9vue pour un d\u00e9m\u00e9nagement permet d\u2019identifier son contenu. Suite \u00e0 leur exp\u00e9rience, nos d\u00e9m\u00e9nageurs pourront aussi pr\u00e9voir les outillages essentiels \u00e0 votre d\u00e9m\u00e9nagement, \u00e0 savoir les cartons, le ruban adh\u00e9sif, le chariot et les couvertures qui vous seront n\u00e9cessaires. Lors du d\u00e9m\u00e9nagement, il faudra \u00eatre m\u00e9thodique pendant l\u2019emballage de vos paquets. La bonne organisation vous permettra d\u2019\u00eatre efficace et d\u2019\u00e9viter les difficult\u00e9s lors du d\u00e9ballage. La bonne pr\u00e9paration secourt la t\u00e2che. Il est donc n\u00e9cessaire de prendre son temps et d\u2019approvisionner pour emballer. Disposez de fa\u00e7on pr\u00e9cise, logique et \u00e9vidente vos cartons afin de pouvoir tout replacer commod\u00e9ment une fois dans votre nouveau logement. De plus, faites en sorte de bien prot\u00e9ger les meubles et accessoires fragiles. Il faut faire bien en avance un inventaire, et le suivre \u00e0 la lettre de sorte \u00e0 ne rien oublier. Cette m\u00e9thode vous facilitera la t\u00e2che et la v\u00e9rification une fois arriv\u00e9. La t\u00e2che li\u00e9e au d\u00e9m\u00e9nagement est ardue, vous pouvez faire appel \u00e0 des professionnels, ce qui vous permettra de partir serein. L\u2019\u00e9quipe r\u00e9alise \u00e0 la suite en tout ou partie le d\u00e9montage, le d\u00e9chargement du v\u00e9hicule, la r\u00e9installation dans les nouveaux locaux.<\/p>\n","protected":false},"excerpt":{"rendered":"<p>Eviter les situations les plus stressantes du d\u00e9m\u00e9nagement avec les formalit\u00e9s administratives y aff\u00e9rentes, que vous soyez un particulier, une entreprise, nous tenons \u00e0 vous fournir gratuitement et sans engagement, en ligne ou localement, une estimation du prix de votre d\u00e9m\u00e9nagement appartement, maison, ou bureaux. Il existe de nombreuses difficult\u00e9s li\u00e9es au d\u00e9m\u00e9nagement demenageur.com . &hellip; <a href=\"https:\/\/www.multiser86.fr\/\" class=\"more-link\">Continuer la lecture de <span class=\"screen-reader-text\">D\u00e9m\u00e9nager<\/span> <span class=\"meta-nav\">&rarr;<\/span><\/a><\/p>\n","protected":false},"author":1,"featured_media":0,"parent":0,"menu_order":0,"comment_status":"closed","ping_status":"closed","template":"","meta":{"_seopress_robots_primary_cat":"","_seopress_titles_title":"","_seopress_titles_desc":"","_seopress_robots_index":"","footnotes":""},"class_list":["post-6","page","type-page","status-publish","hentry"],"_links":{"self":[{"href":"https:\/\/www.multiser86.fr\/index.php\/wp-json\/wp\/v2\/pages\/6","targetHints":{"allow":["GET"]}}],"collection":[{"href":"https:\/\/www.multiser86.fr\/index.php\/wp-json\/wp\/v2\/pages"}],"about":[{"href":"https:\/\/www.multiser86.fr\/index.php\/wp-json\/wp\/v2\/types\/page"}],"author":[{"embeddable":true,"href":"https:\/\/www.multiser86.fr\/index.php\/wp-json\/wp\/v2\/users\/1"}],"replies":[{"embeddable":true,"href":"https:\/\/www.multiser86.fr\/index.php\/wp-json\/wp\/v2\/comments?post=6"}],"version-history":[{"count":5,"href":"https:\/\/www.multiser86.fr\/index.php\/wp-json\/wp\/v2\/pages\/6\/revisions"}],"predecessor-version":[{"id":16,"href":"https:\/\/www.multiser86.fr\/index.php\/wp-json\/wp\/v2\/pages\/6\/revisions\/16"}],"wp:attachment":[{"href":"https:\/\/www.multiser86.fr\/index.php\/wp-json\/wp\/v2\/media?parent=6"}],"curies":[{"name":"wp","href":"https:\/\/api.w.org\/{rel}","templated":true}]}}